tors of k?
3, 67
Let u(z) = -6*z**2 - 2*z + 12. Let b be u(-3). List the prime factors of 220 + 7/(28/b).
211
Let f(a) = 55*a**2 + 110*a - 942. List the prime factors of f(10).
2, 3, 23, 41
Suppose 2*r + 3 = -4*o - 5, -5*o = -r - 11. Let t be (-15 - r/6)*1/(-1). What are the prime factors of 111 - (-7)/t*(1 + 1)?
2, 7
Suppose -6*t = 4*t + 5*t. Let y(m) = 34*m - 1. Let c be y(3). Suppose -5*z + 149 + c = t. List the prime factors of z.
2, 5
Suppose 3*n = -9*n + 3264. List the prime factors of ((-8)/(-8))/(1/n).
2, 17
Let d(f) = 29*f**2 + 4*f - 2. Let m be (0 + -2)*(7 + -12). Suppose -m*c + 9 = -1. What are the prime factors of d(c)?
31
Suppose d = 0, 380*x - 3*d - 13116 = 377*x. What are the prime factors of x?
2, 1093
Let a = 2074 + -752. List the prime factors of a.
2, 661
Let n = -453 - -443. Let d(r) = -69*r + 204. List the prime factors of d(n).
2, 3, 149
Let o = 66 + -62. Let d be ((-4 - -5) + o)/(-1). Let b = d - -195. List the prime factors of b.
2, 5, 19
Let f(w) = 2*w**2 + 34*w - 164. Let o = 702 - 738. What are the prime factors of f(o)?
2, 7, 43
Suppose n - 5*t - 30617 = 0, n + 75*t = 72*t + 30649. List the prime factors of n.
30637
Suppose -2*n = 5*n - 21. Suppose 3*f + 6 = -3*x - x, n*x + 7 = -f. Suppose 125 = 5*g + t, -t = -5*g + f + 113. What are the prime factors of g?
2, 3
What are the prime factors of (-90)/(-9) + 20 + 1409?
1439
Suppose s - 5090 = -4*j, 14*s + 3*j + 15300 = 17*s. List the prime factors of s.
2, 2549
Suppose 30*t = 34*t + 16, w + 4*t = 160. Suppose -n - 2625 = -5*g, -g + 353 = -n - w. What are the prime factors of g?
2, 131
Suppose y = 5*m + 4371, -5*y - 9*m + 21827 = -6*m. List the prime factors of y.
2, 37, 59
Let h(m) = -13*m**2 - 115*m + 20. Let k be h(-9). Let q = -895 - -1445. Suppose b - 11*f - 110 = -6*f, -5*b + k*f = -q. List the prime factors of b.
2, 5, 11
Suppose 5*h - 73029 = 2*z, -7*h + 5*h + 2*z = -29208. Suppose -h - 6999 = -13*f. What are the prime factors of f?
2, 3, 277
Let x(b) = 6896*b**2 - 11*b - 8. List the prime factors of x(-2).
2, 13799
Let n be (-8)/10*(75/10)/(-3). Suppose -k - n = 0, 0*r - 2*r + 5*k + 24 = 0. Suppose r*u = 3*u + 176. List the prime factors of u.
2, 11
Suppose -2*l - 5*j - 57 = -0*j, 0 = -3*j + 9. Let y(q) = 38*q**3 + 7*q**2 - 9*q + 12. Let a be y(5). List the prime factors of 2/18 - a/l.
2, 17
Suppose 13*s - 12*s - 2261 = -3*z, -2*z = 3*s - 6762. List the prime factors of s.
2, 563
Let z = 130836 + -60856. List the prime factors of z.
2, 5, 3499
Let p = 38473 + -23172. What are the prime factors of p?
11, 13, 107
Let h = 3 - 12. Let x be (-5 - 70/(-15))*h. Suppose 2*w + 10 = 0, i - 180 = -4*i + x*w. List the prime factors of i.
3, 11
Let g be 1/1*(140 - 139). Let k(w) be the first derivative of 106*w**3/3 - w**2/2 + 2*w + 1. List the prime factors of k(g).
107
Suppose 0 = 3*d - 5*v - 22, 20 = 4*d - 0*v - 2*v. Let r = -3 - -5. Suppose -4*g = d, -4*g + 56 = 3*x + r*x. What are the prime factors of x?
2, 3
Suppose -7*i = -22*i - 7643 + 34433. List the prime factors of i.
2, 19, 47
Let n = -6474 - -14673. What are the prime factors of n?
3, 911
Suppose -36*b - 164468 + 1192693 = 19*b. List the prime factors of b.
5, 3739
Suppose -4*k = 5*i - 12 + 32, 0 = -i - 4. Let g be (-122)/7 + k + 16/(-28). List the prime factors of (25/(-3))/(19/g - -1).
2, 3, 5
List the prime factors of 18/1 - (-39347916)/1562 - 6/(-22).
3, 2801
Suppose 6 = 3*o - 4*u, -7 = -2*o - 5*u - 3. Suppose 845 = 5*w + 5*l, o*w = -5*l - 75 + 416. List the prime factors of w.
2, 3, 7
Suppose -5*w = 5*t - w - 10, 5 = w. Let k(f) = -84*f + 1. List the prime factors of k(t).
13
Let c(v) = -241*v + 6482. List the prime factors of c(0).
2, 7, 463
What are the prime factors of 4 - -792*(7 - 35/(-10))?
2, 5, 13
Let r(m) = -1249*m - 3287. List the prime factors of r(-34).
7, 29, 193
Suppose -h - 2*y + 11 = 0, -21 = -4*h - 4*y + 7. Let c(x) = -x**3 + 5*x**2 - 2*x. Let u be c(2). What are the prime factors of 416/u*h/2?
2, 3, 13
Let o(t) = -68*t - 94. Let y be o(-11). Suppose -84*b + 87*b = y. What are the prime factors of b?
2, 109
List the prime factors of (-1)/((-2)/14) - (52 - 25246) - -3.
2, 6301
Suppose 0 = 4*n + 4, -18*q - 83900 = -23*q + 5*n. What are the prime factors of q?
3, 7, 17, 47
List the prime factors of 805850/140 + (-9)/126.
2, 1439
Let r = 347 - 345. Suppose -r*v = -356 - 372. List the prime factors of v.
2, 7, 13
Suppose 14*t + 23093 - 178996 = 3*t. List the prime factors of t.
14173
Let k = -21370 - -42106. What are the prime factors of k?
2, 3
Let n = 220 - 213. Suppose -5*r = n*p - 2*p - 430, -4*r - 394 = -5*p. List the prime factors of p.
2, 41
Let y(c) = -c**3 - 5*c**2 - 3*c - 9. Let g be (-3)/(-2) + 612/(-8). Let o = 68 + g. What are the prime factors of y(o)?
2, 5, 11
Let z be (128/6)/(-1)*-6. Suppose -2*c = -2 - 4. Suppose c*r - z = r. List the prime factors of r.
2
Let t be (-3)/((6*(-2)/4)/124). Suppose -29 = -3*m + t. Suppose -z + 245 = 5*g, m + 17 = g + 4*z. What are the prime factors of g?
2, 3
Suppose w = 4, -5*v - 29820 = 2*w - 6028. Let n be 12/(-10)*v/12. Suppose -6*i = -430 - n. What are the prime factors of i?
151
Suppose -3*f + 752 = -11*f. Let u be f/329 - (-2)/(28/(-66)). Let x(t) = -t**3 - 4*t**2 + 2*t + 6. What are the prime factors of x(u)?
3, 7
Suppose 131848 = -29*t + 166922 + 327281. List the prime factors of t.
3, 5, 7, 17
What are the prime factors of 1/(2/(-4)) - (312 - 8352)?
2, 4019
Suppose 2*s + 5*i - 39323 = 0, 98285 = 41*s - 36*s + 5*i. What are the prime factors of s?
2, 31, 317
Let j be 8/20 - (-35530)/50. Suppose 5*f - 874 = j. List the prime factors of f.
317
Let t be (-21)/6*36/2. Let i = t - -58. Let c = 59 + i. What are the prime factors of c?
2, 3
Suppose 12 = -0*m + 4*m. Suppose 4 = 2*k + 5*c - 11, 0 = 3*c - m. List the prime factors of k + (-5 - 5) - -8.
3
Let a(m) = 1892*m**3 + 5*m**2 - 14*m + 10. What are the prime factors of a(2)?
2, 3, 29
Suppose -2*q = 9 - 7. Let l(a) = -10*a**3 + a**2 + a. Let i be l(q). Suppose -i*v = -20*v + 790. List the prime factors of v.
79
Let h(x) = 4*x**2 - 70*x - 233. List the prime factors of h(38).
3, 31
Suppose -8*x - x = -x. Suppose 3*z + x = -f + 3, -2*f - 4*z + 6 = 0. List the prime factors of f/(-8) + (9015/40 - -1).
2, 113
Let u = -3232 + 4328. List the prime factors of u.
2, 137
Suppose 3*b = -39 - 18. Let z = 22 + b. Suppose 0 = z*q - 7*q + 212. List the prime factors of q.
53
Let w(x) = 3*x + 25. Let c be w(-7). Suppose 8 = -k - 3*k, 0 = c*d + k - 1474. What are the prime factors of d?
3, 41
Let n(f) = -1199*f - 2231. What are the prime factors of n(-27)?
2, 7, 2153
Let k be 4626/15 - (-6)/(-15). Suppose m = 142 + k. Suppose 3*z + 2*z - m = 0. List the prime factors of z.
2, 3, 5
Let c = -115 + 113. Let s be -2 + ((-2)/1)/c - -76. Let p = s - -172. List the prime factors of p.
13, 19
Suppose 67*r = 70*r + 75. Let a = 65 + r. List the prime factors of -1*(-24)/a - 164/(-10).
17
Let n(h) = -h + 11. Let o be n(3). Suppose 5*y - 5*b + 0 = 20, 2*y - o = 5*b. Suppose -y*p - p = -455. List the prime factors of p.
7, 13
Let h(t) = -14*t - 94. Let w be h(-7). Suppose 0 = 4*b - 8, -w*b = -3*v - 2*b + 242. What are the prime factors of v?
2, 41
Let k = 412 - 370. Let f = k + 264. What are the prime factors of f?
2, 3, 17
Let p(x) = 10*x - 38. Let o be p(-19). Let q = o - -484. List the prime factors of q.
2
Let c(n) = -n**3 - 8*n**2 - 8*n - 5. Let s be c(-7). Suppose -s*r + 77 = -9*r. Let g = 133 + r. List the prime factors of g.
2, 61
Suppose 5*d - 76 = -m, 3*m + 2*m = 2*d + 353. Suppose 4*g + 77 = 5*s + 3*g, -5*s - 2*g = -m. List the prime factors of (s - 14)/((-1)/(-41)).
41
Suppose -16*w - 4485 = -11525. Suppose -4*r - r + 85 = 0. Suppose -r*o + 12*o = -w. List the prime factors of o.
2, 11
Let u = 59 + -45. Suppose -u = -4*f + 10. Suppose -2*q = f*q - 2344. List the prime factors of q.
293
Let l be 2076/(-14) + 6/21. Let g = l + 174. Let j = 74 + g. What are the prime factors of j?
2, 5
Suppose 0 = -45*t + 103*t - 42*t - 133920. What are the prime factors of t?
2, 3, 5, 31
Let i(d) = -12*d - 17*d**2 - 5 - 11*d - d**3 + 6*d**2 + 12*d. Let u be i(-10). Suppose -33 - 232 = -u*w. List the prime factors of w.
53
Let j = -304 - -304. Suppose -n - 2*o + 627 = j, -3*o - 821 = 4*n - 3314. What are the prime factors o